 factors of 1697.
1697
List the prime factors of 70.
2, 5, 7
What are the prime factors of 15480?
2, 3, 5, 43
What are the prime factors of 28384?
2, 887
List the prime factors of 126.
2, 3, 7
List the prime factors of 580.
2, 5, 29
What are the prime factors of 1114?
2, 557
What are the prime factors of 354?
2, 3, 59
List the prime factors of 44758.
2, 7, 23, 139
List the prime factors of 1597.
1597
What are the prime factors of 1278?
2, 3, 71
List the prime factors of 14764.
2, 3691
List the prime factors of 105270.
2, 3, 5, 11, 29
List the prime factors of 3339.
3, 7, 53
What are the prime factors of 20345?
5, 13, 313
List the prime factors of 2506.
2, 7, 179
What are the prime factors of 29740?
2, 5, 1487
What are the prime factors of 1479?
3, 17, 29
List the prime factors of 21848.
2, 2731
List the prime factors of 41301.
3, 13, 353
List the prime factors of 4204.
2, 1051
List the prime factors of 30807.
3, 7, 163
List the prime factors of 1111.
11, 101
List the prime factors of 91795.
5, 11, 1669
List the prime factors of 3789.
3, 421
What are the prime factors of 106557?
3, 11, 3229
List the prime factors of 3610.
2, 5, 19
What are the prime factors of 919?
919
List the prime factors of 3305.
5, 661
List the prime factors of 13575.
3, 5, 181
What are the prime factors of 1326?
2, 3, 13, 17
What are the prime factors of 994?
2, 7, 71
What are the prime factors of 4202?
2, 11, 191
What are the prime factors of 1019?
1019
List the prime factors of 10119.
3, 3373
What are the prime factors of 2066?
2, 1033
List the prime factors of 27291.
3, 11, 827
What are the prime factors of 1515?
3, 5, 101
List the prime factors of 1091.
1091
List the prime factors of 50518.
2, 13, 29, 67
What are the prime factors of 407?
11, 37
List the prime factors of 13324.
2, 3331
List the prime factors of 344.
2, 43
List the prime factors of 2362.
2, 1181
List the prime factors of 882.
2, 3, 7
List the prime factors of 28444.
2, 13, 547
List the prime factors of 3069.
3, 11, 31
What are the prime factors of 7058?
2, 3529
List the prime factors of 11779.
11779
What are the prime factors of 8819?
8819
List the prime factors of 3750.
2, 3, 5
What are the prime factors of 19567?
17, 1151
List the prime factors of 1387.
19, 73
What are the prime factors of 39260?
2, 5, 13, 151
List the prime factors of 20057.
31, 647
What are the prime factors of 4702?
2, 2351
What are the prime factors of 10439?
11, 13, 73
What are the prime factors of 1442?
2, 7, 103
List the prime factors of 20766.
2, 3, 3461
What are the prime factors of 40459?
40459
What are the prime factors of 33110?
2, 5, 7, 11, 43
What are the prime factors of 11715?
3, 5, 11, 71
What are the prime factors of 20251?
7, 11, 263
What are the prime factors of 8892?
2, 3, 13, 19
List the prime factors of 1418.
2, 709
What are the prime factors of 3108?
2, 3, 7, 37
What are the prime factors of 735?
3, 5, 7
What are the prime factors of 7567?
7, 23, 47
List the prime factors of 4234.
2, 29, 73
List the prime factors of 31326.
2, 3, 23, 227
List the prime factors of 13500.
2, 3, 5
List the prime factors of 118120.
2, 5, 2953
What are the prime factors of 198952?
2, 13, 1913
What are the prime factors of 7085?
5, 13, 109
List the prime factors of 4236.
2, 3, 353
What are the prime factors of 18632?
2, 17, 137
What are the prime factors of 51826?
2, 25913
List the prime factors of 1478.
2, 739
What are the prime factors of 174384?
2, 3, 7, 173
What are the prime factors of 33219?
3, 3691
List the prime factors of 17349.
3, 5783
List the prime factors of 18654.
2, 3, 3109
List the prime factors of 7276.
2, 17, 107
List the prime factors of 368.
2, 23
List the prime factors of 4495.
5, 29, 31
List the prime factors of 32788.
2, 7, 1171
List the prime factors of 74962.
2, 37, 1013
What are the prime factors of 4569?
3, 1523
List the prime factors of 27468.
2, 3, 7, 109
What are the prime factors of 2752?
2, 43
List the prime factors of 2111.
2111
What are the prime factors of 56298?
2, 3, 11, 853
What are the prime factors of 3638?
2, 17, 107
What are the prime factors of 3775?
5, 151
What are the prime factors of 1468?
2, 367
List the prime factors of 157842.
2, 3, 37, 79
What are the prime factors of 12902?
2, 6451
What are the prime factors of 3169?
3169
List the prime factors of 3816.
2, 3, 53
What are the prime factors of 3097?
19, 163
What are the prime factors of 7178?
2, 37, 97
List the prime factors of 8236.
2, 29, 71
List the prime factors of 2602.
2, 1301
List the prime factors of 228.
2, 3, 19
List the prime factors of 2817.
3, 313
What are the prime factors of 1669?
1669
List the prime factors of 650.
2, 5, 13
What are the prime factors of 114568?
2, 14321
List the prime factors of 793.
13, 61
What are the prime factors of 1143?
3, 127
What are the prime factors of 8724?
2, 3, 727
What are the prime factors of 58498?
2, 11, 2659
List the prime factors of 477.
3, 53
What are the prime factors of 57217?
29, 1973
What are the prime factors of 4204?
2, 1051
List the prime factors of 2504.
2, 313
What are the prime factors of 46584?
2, 3, 647
List the prime factors of 478.
2, 239
What are the prime factors of 12032?
2, 47
What are the prime factors of 23224?
2, 2903
List the prime factors of 3752.
2, 7, 67
List the prime factors of 28038.
2, 3, 4673
List the prime factors of 2735.
5, 547
List the prime factors of 284.
2, 71
What are the prime factors of 7628?
2, 1907
List the prime factors of 29090.
2, 5, 2909
What are the prime factors of 59147?
11, 19, 283
List the prime factors of 435.
3, 5, 29
What are the prime factors of 1283?
1283
What are the prime factors of 37363?
37363
List the prime factors of 817.
19, 43
What are the prime factors of 22110?
2, 3, 5, 11, 67
List the prime factors of 68438.
2, 19, 1801
List the prime factors of 830.
2, 5, 83
List the prime factors of 25192.
2, 47, 67
List the prime factors of 6949.
6949
What are the prime factors of 85543?
131, 653
What are the prime factors of 247?
13, 19
What are the prime factors of 27144?
2, 3, 13, 29
What are the prime factors of 1216?
2, 19
What are the prime factors of 87534?
2, 3, 1621
What are the prime factors of 51659?
51659
List the prime factors of 254.
2, 127
What are the prime factors of 1120?
2, 5, 7
What are the prime factors of 1537?
29, 53
What are the prime factors of 179584?
2, 23, 61
What are the prime factors of 30840?
2, 3, 5, 257
List the prime factors of 5280.
2, 3, 5, 11
What are the prime factors of 5918?
2, 11, 269
List the prime factors of 11842.
2, 31, 191
What are the prime factors of 10847?
10847
List the prime factors of 3208.
2, 401
What are the prime factors of 3098?
2, 1549
List the prime factors of 17358.
2, 3, 11, 263
List the prime factors of 26549.
139, 191
What are the prime factors of 29818?
2, 17, 877
What are the prime factors of 21054?
2, 3, 11, 29
List the prime factors of 113711.
13, 8747
List the prime factors of 10156.
2, 2539
List the prime factors of 5655.
3, 5, 13, 29
List the prime factors of 1013.
1013
What are the prime factors of 9111?
3, 3037
List the prime factors of 3524.
2, 881
What are the prime factors of 9701?
89, 109
List the prime factors of 22657.
139, 163
List the prime factors of 556.
2, 139
What are the prime factors of 20218?
2, 11, 919
What are the prime factors of 62971?
62971
List the prime factors of 14869.
14869
What are the prime factors of 37585?
5, 7517
List the prime factors of 4410.
2, 3, 5, 7
List the prime factors of 926.
2, 463
What are the prime factors of 10498?
2, 29, 181
List the prime factors of 5542.
2, 17, 163
What are the prime factors of 643?
643
List the prime factors of 29342.
2, 17, 863
What are the prime factors of 8750?
2, 5, 7
What are the prime factors of 5776?
2, 19
List the prime factors of 108270.
2, 3, 5, 401
List the prime factors of 3602.
2, 1801
List the prime factors of 16037.
7, 29, 79
List the prime factors of 1736.
2, 7, 31
What are the prime factors of 395?
5, 79
What are the prime factors of 83032?
2, 97, 107
What are the prime factors of 3877?
3877
List the prime factors of 19112.
2, 2389
List the prime factors of 22775.
5, 911
What are the prime factors of 418?
2, 11, 19
What are the prime factors of 673?
673
List the prime factors 